7). Calculate the greatest common divisor of d and 28.
28
Suppose -29*h = h - 11310. Calculate the highest common factor of 13 and h.
13
Let q = 947 - 925. Suppose 5*n - 3*z + 6*z - 180 = 0, 0 = z - 5. What is the highest common factor of q and n?
11
Suppose 3 = 2*d - 2*h - 33, -h + 47 = 4*d. Calculate the greatest common factor of 13 and d.
13
Suppose -25 = -5*m, 54 + 49 = 4*w - m. What is the greatest common factor of 27 and w?
27
Let h be 56 + (-6 + 6)/(-6). Calculate the highest common factor of 1036 and h.
28
Let d = -136 + 177. Calculate the greatest common factor of 205 and d.
41
Let j(z) = -z**3 + 9*z**2 - 2*z - 6. Let r = -19 - -24. Let o be j(r). Calculate the highest common factor of 12 and o.
12
Suppose -95*l = -86*l - 54. What is the highest common factor of 1374 and l?
6
Suppose 27 = 3*t - 33. Let l = 36 - t. Calculate the highest common divisor of 128 and l.
16
Suppose 2*j + 6 = 0, -q = -4*j - 8 - 6. Suppose 5*a = 4*g + 770, 3*a = -q*g - 0*g + 440. Calculate the highest common factor of 15 and a.
15
Let c be (-1)/((-798)/264 + 3). Calculate the highest common factor of c and 44.
44
Let q(n) = 0*n + 4*n - 1 + 5*n**2 - 8*n + 5*n. Let g be q(2). Calculate the greatest common divisor of 231 and g.
21
Suppose -j - j - 234 = 5*t, -5*j = -5*t + 515. Let v = 49 + j. Let d = v + 103. Calculate the greatest common divisor of d and 5.
5
Let k = 5 + -8. Let g = k - -4. Suppose -35*b + 35 = -0. What is the greatest common factor of b and g?
1
Let m(a) = -a**2 + 11*a - 10. Let s be m(10). Suppose 2*i - 13 = -4*n + 3*n, s = -2*i - 5*n - 7. What is the greatest common factor of i and 18?
9
Let u = -464 + 480. Let a = -3 - -11. Suppose -5*r + 5*z = 0, -4*z + a = 4*r - 6*z. What is the highest common factor of r and u?
4
Suppose -3*t + 560 = -5*p - 8*t, -5*t - 236 = 2*p. Let r = p + 155. Let s = r + -7. What is the highest common factor of 100 and s?
20
Suppose 2*v = 457 - 417. What is the greatest common divisor of v and 10?
10
Let h be 8/44 + 114/(-22) + 10. Suppose x + x - 90 = 0. Calculate the highest common divisor of h and x.
5
Let c(p) = 8*p**2 + 6*p. Let x be c(-6). Suppose 4*g + 46 = w, -g - 46 = 2*w - 66. Calculate the highest common factor of x and w.
14
Suppose 0 = -q - q. Let y be 11 - (q - 0)/2. Let l be (-2 - 45/(-20)) + 525/12. Calculate the greatest common factor of l and y.
11
Let r be (4/(-6))/(2/(-282)). Suppose 4*j - 18 = r. Let u be (-6)/(1 + 2) - (-1 + -8). What is the greatest common divisor of j and u?
7
Let w = -6 + 25. Suppose -15*f - 12*f = -2052. Calculate the highest common divisor of f and w.
19
Let n = 0 - -5. Let q be (18/n)/((-10)/(-25)). Suppose 2*g - 23 = q. Calculate the highest common factor of 80 and g.
16
Let h = -372 - -442. Calculate the highest common factor of h and 105.
35
Suppose 27*d + 201 - 17400 = 0. What is the greatest common divisor of 49 and d?
49
Suppose -72*b - 7350 = -93*b. Calculate the greatest common divisor of 5 and b.
5
Suppose 0 = 3*z - 6*z + 162. Suppose -p + 27 = -4*y, -3*y = -3*p + z - 0. What is the greatest common factor of 105 and p?
15
Suppose 2*a - 3*i - 160 = -3*a, -3*i + 64 = 2*a. Suppose 0 = 4*n + 12 - a. Calculate the greatest common factor of n and 50.
5
Let k(p) = p**2 + 10*p - 2. Let q be k(-10). Let z = 6 + q. Let g be -1 - (z + -2)/(-1). Calculate the greatest common factor of g and 3.
1
Suppose -w - 30 = -1. Let r = w + 48. What is the highest common factor of r and 19?
19
Let a be 72/12*10/6. Suppose a + 0 = 5*l. Calculate the greatest common factor of l and 18.
2
Let s = -62 + 106. What is the highest common factor of 11 and s?
11
Suppose 0 = -o + 3*t + 61, 6*o - 3*o - 3*t - 159 = 0. Suppose p - 9 + 2 = 0. What is the highest common divisor of p and o?
7
Let d be ((-5)/(-3))/((-2)/(-36)). Suppose 70 = 5*q - d. Suppose -17 + 5 = -4*w, 0 = 4*m + 2*w - 246. Calculate the greatest common factor of m and q.
20
Let l(r) = r**2 - 19*r + 18. Let a be l(13). Let o = a + 303. What is the highest common factor of o and 27?
27
Let k be 30 - 17 - (5 + 0). Calculate the greatest common divisor of 8 and k.
8
Suppose 3*x - 5*i = 25, 52 = 8*x - 4*x - 2*i. Let n be (52/10 + -4)*x. Calculate the highest common divisor of n and 198.
18
Let f = -222 - -111. Let u = f - -192. Let v(y) = -2*y**2 - 17*y - 26. Let s be v(-5). Calculate the highest common factor of u and s.
9
Let r(m) = 2*m - 4. Let j be r(3). Suppose 42 = 2*y + 4*i, -3*y + i + 21 = -j*y. Let v = 0 - -21. Calculate the highest common divisor of y and v.
21
Suppose 0 = -3*k - 0*k + 297. Suppose 0 = -5*a + k - 24. What is the highest common divisor of a and 15?
15
Let g be (3 + (-8)/(-1))*1. Let b be g/1 + -3 - -1. Calculate the highest common factor of 45 and b.
9
Let s = 1897 - 1872. Calculate the greatest common factor of s and 6.
1
Suppose -182 = -4*o + 2*k, 4*o + k = -3*k + 164. Suppose -150 = -10*i - 40. Calculate the highest common divisor of i and o.
11
Suppose 0 = -17*n + 12*n + 10. Suppose 2*j + n*r - 226 = -2*j, -2*r = -j + 44. Calculate the highest common factor of j and 6.
6
Let j be (-4 - -12) + -4 - 78. Let y = j + 161. Calculate the greatest common divisor of y and 29.
29
Suppose 7*k = 376 + 1444. What is the highest common divisor of 39 and k?
13
Let z(y) = -65*y - 63. Let v be z(-3). What is the highest common divisor of v and 154?
22
Suppose -5*z = -2*z - 3. Let o = z - -24. Let m = 0 - -10. What is the greatest common factor of m and o?
5
Let a(h) = 4*h - 19. Let d be a(10). Calculate the greatest common factor of d and 3.
3
Let i be (-942)/(-16) - 3/(-24). Let g = -95 + i. Let x = g + 53. What is the highest common divisor of x and 17?
17
Let b(z) = 11*z + 19. Let r(y) = y**3 + 2*y**2 - y - 3. Let o be r(2). Let x be b(o). What is the greatest common divisor of 56 and x?
28
Suppose -4*w - 4*g + 52 = 0, w - 6 = 4*g + 2. Let p be (-1940)/(-25) + 10/25. Calculate the highest common divisor of w and p.
6
Let t = 36 + -31. Suppose -t*a + 56 = f, f = 3*a + 3*f - 35. Calculate the highest common factor of 121 and a.
11
Let b(w) = -31*w**3 - 3*w**2 + 2. Let g = 62 - 63. Let k be b(g). Calculate the greatest common factor of k and 75.
15
Let f = 16 - 29. Let b(l) = -34*l - 12. Let a be b(f). Suppose 494 = 4*g - a. Calculate the highest common divisor of g and 33.
33
Let b be 14/3*-18*162/(-24). What is the highest common factor of 81 and b?
81
Let o = 25 + -22. Let l be (-3 + o + 5)*5. What is the greatest common factor of l and 175?
25
Let u(t) = -29*t - 99. Let n be u(-4). What is the greatest common divisor of n and 68?
17
Suppose 0 = -2*a + 2*i + 16, 2*a + a - i = 22. Suppose 2*p + 195 = a*p. Let u = -28 + p. What is the highest common factor of 11 and u?
11
Let i(o) = 20*o - 156. Let s be i(8). Let g be (-10)/(-35) + 38/14. Suppose m - g = 0, 4*v - 93 = -2*m + 89. What is the greatest common factor of s and v?
4
Let w be (-384)/40*(-10)/4. Let d(v) = -v**3 - 2*v**2 + 10*v - 24. Let i be d(-6). What is the highest common factor of w and i?
12
Let c = -17 - -20. Suppose -6 = l - c*l. Let u be l + 1 + -4 + 1. Calculate the greatest common divisor of 11 and u.
1
Let v = 20 - 31. Let j = v + 19. Let d = j + -6. Calculate the highest common factor of 6 and d.
2
Let w(p) = -33*p - 498. Let c be w(-23). Calculate the greatest common factor of 9 and c.
9
Suppose 2*p = 4*z + 14, -1 = p - 0*p + 2*z. Let d be 3/((-9)/(-60)) - 2. Let h = p + d. What is the greatest common factor of h and 3?
3
Suppose 0 = -w - 4*w. Suppose w = 3*k + 3*k + 2214. Let n = k - -569. Calculate the highest common divisor of 25 and n.
25
Suppose 12*b - 2490 = -642. Suppose 4*f + 4*k = 176, 5*f - 3*k = b + 74. What is the highest common divisor of 9 and f?
9
Suppose 5*d - 93 = 2*m, -5*d - 4*m - 2 = -71. What is the greatest common factor of 629 and d?
17
Let l = -148 + 168. What is the highest common factor of l and 52?
4
Let g(j) = j**3 - 3*j**2 - j + 5. Suppose -5*k + k = -16. Let s be g(k). Calculate the highest common divisor of 68 and s.
17
Let o(x) = x**3 - 4*x**2 - 4*x + 18. Let w be o(8). Suppose 4*z = 3*s + w, 5*z = s - 6*s + 320. What is the highest common factor of 93 and z?
31
Let w be (7 - 2)/(-1*(-2 - -1)). Suppose -5*t + 675 = w*k, 4*t - 5*k = 2*t + 305. Calculate the greatest common divisor of t and 20.
20
Let v(u) = u**2 + 4*u